**3/6 - 35*l**2. List the prime factors of j(-7).
2, 7, 11
Suppose 4874 + 2562 = -13*p. List the prime factors of ((-18)/(-4))/((-39)/p).
2, 3, 11
Suppose 5*n - 21146 = 3*w, -3*n - 8471 = -5*n + 3*w. What are the prime factors of n?
5, 13
Suppose 0 = -5*s - 0*s + 3865. Suppose -11*g - s = -3017. What are the prime factors of g?
2, 3, 17
What are the prime factors of (-114023)/(-3) - (2 + 2) - (-15)/45?
2, 3, 3167
Let m(x) = -x**3 - x**2 + 17*x - 6. Let p be m(-5). What are the prime factors of ((-1794)/p)/((-7)/21)?
2, 13, 23
Let a(w) be the third derivative of -w**4/24 + w**3 + 10*w**2. Let r be a(6). Suppose j + 15 - 44 = r. List the prime factors of j.
29
Suppose -4*o + 3*o = -3*t - 41262, 82522 = 2*o - 4*t. What are the prime factors of o?
3, 17, 809
Let w(d) = -81*d + 1. Suppose -y + 11 = 3*s, 6*s + 4*y - 4 = 2*s. Suppose s*n + 4 + 11 = 0. List the prime factors of w(n).
2, 61
Let b(u) be the third derivative of u**6/80 - 19*u**5/120 + u**4/3 + 3*u**2. Let i(d) be the second derivative of b(d). What are the prime factors of i(8)?
53
Let k(x) = -7*x + 23. Let p be k(18). Let c = p + 105. List the prime factors of c/5 - (-2344)/40.
59
Let m = -64 + 47. Let i(r) = 3*r**2 - 2*r + 7. List the prime factors of i(m).
2, 227
Let i = -1290 - -1241. Let c be -21*((-10)/(-6) - 1). What are the prime factors of 667/7 - c/i?
5, 19
Suppose 8*i = -11786 - 2985 + 318819. List the prime factors of i.
2, 31, 613
Let l = 5293 + -3803. What are the prime factors of l?
2, 5, 149
Let b(s) = 1364*s**3 + 3*s**2 - 12*s + 11. Suppose 56*w - 28 = 28*w. What are the prime factors of b(w)?
2, 683
Let s = 23417 - -20325. What are the prime factors of s?
2, 21871
Suppose 0 = 6*z + 7 - 49. Suppose -2 = -l, -z = -y + 2*y - 3*l. What are the prime factors of (343/(-35))/(y/5)?
7
Let y(m) be the second derivative of -31*m**3/3 + 63*m**2/2 + 296*m. List the prime factors of y(-11).
5, 149
Let d be -12*(10758/(-44))/((-9)/(-4)). What are the prime factors of (-8 + (-126)/(-14))/(2/d)?
2, 163
Let h be (3/(9/(-1)))/((-3)/(-41058)). List the prime factors of 12/42 - h/7.
2, 163
List the prime factors of 314*(27/15 - (-5656)/280).
2, 11, 157
Let s = -51275 - -86024. What are the prime factors of s?
3, 11, 13
What are the prime factors of 1904/(-32)*(-124 - 0)?
2, 7, 17, 31
Suppose 30*l + 1844933 = 211*l. List the prime factors of l.
10193
Suppose 10 = -19*s + 24*s, 3*q = -2*s + 101803. What are the prime factors of q?
3, 11311
Suppose 54*m - 8099 = 47*m. Let l = m + -668. List the prime factors of l.
3, 163
Let k(l) = -l**3 - 10*l**2 - 19*l + 23. Let h be -5 - 13/((-78)/(-36)). List the prime factors of k(h).
353
Suppose 1096*a - 1109*a + 513786 = 0. List the prime factors of a.
2, 3, 7, 941
Let w be (-1)/4 + (-52)/(-16). Suppose -d + 0*d = -2*y + 84, y - 257 = w*d. Let k = -30 - d. What are the prime factors of k?
2, 7
Suppose 5*c - 8*a + 12*a = 879, -c + 170 = -5*a. Let b(p) = 2*p**3 + p - 1. Let f be b(1). Suppose f*t = t + c. What are the prime factors of t?
5, 7
List the prime factors of ((-38)/(-6))/(424/2832744).
17, 19, 131
Let x be (((-40)/5)/(-16))/(1/38). Let s be (-1)/(-1) + 57/x. Suppose s*p = -5*a + 470, -4*a - 4*p = -9*p - 335. What are the prime factors of a?
2, 3, 5
Suppose 4*j - 3447 = 5*b, -21*j + 1727 = -19*j + b. Let a = j - 236. What are the prime factors of a?
3, 11, 19
What are the prime factors of (-36)/27 - (-958307)/51?
3, 6263
Let s = 62901 + -36819. List the prime factors of s.
2, 3, 7, 23
Let b(i) = -i**3 + 5*i**2 + 7*i - 4. Let s be b(6). Suppose -3*m + v + 437 = 0, s*m + 2*v + 586 = 6*m. Suppose 4*j - m = 496. List the prime factors of j.
2, 5
Suppose 17*v = 15*v + 14. Suppose -5*z + v - 2 = 0. Suppose 0 = -3*h + 3*i + 36, 0 = h - 5*i - 11 - z. What are the prime factors of h?
2, 3
List the prime factors of 4886 + -4 + -1*(5 - 3).
2, 5, 61
Suppose -f = -r - 5, -4*f = -8*f - 20. Suppose -13*v - 1412 = -12*v. What are the prime factors of 16/20 + v/r?
2, 71
Let m(k) = -93*k**2 - 12*k - 3. Let z(v) = 94*v**2 + 10*v + 3. Let n(l) = 3*m(l) + 4*z(l). What are the prime factors of n(-2)?
383
Suppose 0 = -2*q + 5*m - 3 + 10, 0 = -5*q - 2*m + 32. Let z(y) = y**3 - 5*y**2 - 5*y - 4. Let t be z(q). List the prime factors of t/(2/1) + -1 + 104.
2, 13
Let t(p) = -p**3 + 4*p**2 + 21*p - 73. Let s be t(3). What are the prime factors of ((-2)/s)/((-26315)/3290 - -8)?
2, 7, 47
Suppose 27*r - 74796 = 270669. What are the prime factors of r?
3, 5, 853
Let t(l) be the second derivative of l**5/10 - 4*l**4/3 - l**3/3 + 19*l**2/2 - 4*l. What are the prime factors of t(9)?
163
Suppose -14 = -s - 2*q, -q - 14 = -0*s - 3*s. Let t(k) = -171*k - 22 - s + 8*k**2 + 179*k. List the prime factors of t(5).
2, 53
Suppose 0*n = 4*n - 24. Suppose -4*r = 2*s - 656, 0 = 3*r + s - n*s - 505. Suppose 0 = -4*z + z + r. List the prime factors of z.
5, 11
Let w(k) be the first derivative of k**3/3 - 9*k**2/2 + 11*k - 26. List the prime factors of w(22).
3, 11
Let c(d) = -d**3 - 17*d**2 + d - 16. Let q be c(-19). Suppose -1173 = -5*m + q. List the prime factors of m.
2, 3, 31
Let s(a) = 46*a + 1639. What are the prime factors of s(91)?
5, 233
Let k(f) = -5*f**3 + 7*f**2 + 7*f - 3. Let j be k(8). What are the prime factors of j/(-7) - (40/35 - 1)?
2, 3, 7
Let s be (-3075)/(-39) - 4/(-26). Let w be -73 - -1 - (8 - 8). Let f = w + s. What are the prime factors of f?
7
Suppose 106 + 66 = 4*x - 3*w, -60 = -x + 5*w. Suppose -960 = -3*c + 3*v, 1618 = -35*c + x*c + 4*v. What are the prime factors of c?
2, 7, 23
Suppose 0 = -16*r - 37 - 11. List the prime factors of (7 - 4)/(r*(-2)/142).
71
Let f(u) = 8 - 30*u + 5 + 8 - 5. Let h be f(3). Let i = h - -186. List the prime factors of i.
2, 7
Suppose 11*t = 20*t - 45. Suppose -7*w = t*q - 3*w - 2629, 2*q = 2*w + 1048. What are the prime factors of q?
3, 5, 7
Suppose 16 - 13 = -h. Let p be ((-118)/h*1)/(6/9). Suppose 3*j - p - 40 = 0. What are the prime factors of j?
3, 11
Let a(f) = 15*f + 75. Let n(t) = -1. Let p(u) = -a(u) - 5*n(u). Let x be p(27). Let j = -320 - x. What are the prime factors of j?
5, 31
Suppose -4*v - 5*i - 443 = 0, -2*v + 3*i = 80 + 125. Let c = 163 - v. List the prime factors of c.
2, 3, 5
Suppose 4*d + 132 = 92. Let c be (174 + (-5 - d))*1. Suppose -3*y + 5*t = -c, 5*y + 3*t - 6*t = 309. List the prime factors of y.
3, 7
Suppose -26*d = -31 - 255. Suppose -d*t = 4*t - 1560. What are the prime factors of t?
2, 13
Let j = 200 - 557. Let i = j - -782. What are the prime factors of i?
5, 17
Suppose r = 3*d + 34, 5*d + r + 56 = 2*r. List the prime factors of ((-32)/(-44))/4 - 4299/d.
17, 23
Suppose -l - 2*a - 256 = l, a = -4*l - 515. Suppose 85*r - 93*r = 848. Let h = r - l. What are the prime factors of h?
23
Let j = 3 - 3. Let q be (j/((-1)/1))/(-1 + -1). List the prime factors of (1 - q)*-102*(-1)/2.
3, 17
Let l(m) = 103*m - 42. Let g be l(8). Suppose 9*y - g - 2224 = 0. What are the prime factors of y?
2, 167
Let k = 42025 + -21374. List the prime factors of k.
107, 193
Let z(w) = w**2 + 20*w - 22. Suppose -4*b + 2*v - 3*v + 1608 = 0, 0 = -3*b - 4*v + 1193. Suppose -3 = 14*n + b. List the prime factors of z(n).
239
Let c(b) = -16*b - 8. Let j be c(0). List the prime factors of (48/j)/((-4)/32).
2, 3
Let q = 309 + 288. Suppose 1180 = 5*k - 5*c, -3*k + 111 = 2*c - q. List the prime factors of k.
2, 59
Let c(z) = -z**2 + 72*z + 98. Let y(m) = m**2 + 31*m + 281. Let v be y(-13). What are the prime factors of c(v)?
19, 67
Let p be ((-2)/2)/(4/(-5484)*3). Let v = p + -254. What are the prime factors of v?
7, 29
Let w be 4 - 2 - (3 - 4). Suppose 0 = 2*c - 13127 - 13567. List the prime factors of (c/33)/w - (-12)/66.
3, 5
Let x(w) be the second derivative of -65*w**3/6 + 6*w**2 + 37*w. List the prime factors of x(-15).
3, 7, 47
Let j(f) = -1. Let i(b) = b**2 - 27*b + 48. Let o(w) = 1. Let a(z) = i(z) + o(z). Let h(l) = -a(l) - 5*j(l). What are the prime factors of h(23)?
2, 3
Let f be (-3)/(-4) - 132/(-16). Let j = 687 + -235. Suppose -5*z = d - 562, -4*z = 11*d - f*d - j. What are the prime factors of z?
2, 7
Let y be (-1)/(((-2)/10)/((-18)/(-10))). List the prime factors of 223 - 1 - (-3)/(y/(-12)).
2, 109
Suppose 0 = -5*k + 56 + 14. Let x be 2/k*51 - (-34)/(-119). Let t(d) = 23*d + 6. List the prime factors of t(x).
167
Let q(d) =